rime factors of 22885?
5, 23, 199
What are the prime factors of 6456?
2, 3, 269
List the prime factors of 31381.
7, 4483
List the prime factors of 37056.
2, 3, 193
What are the prime factors of 3131?
31, 101
List the prime factors of 54731.
229, 239
What are the prime factors of 5619?
3, 1873
List the prime factors of 368.
2, 23
List the prime factors of 2.
2
What are the prime factors of 1351?
7, 193
List the prime factors of 1385.
5, 277
What are the prime factors of 5434?
2, 11, 13, 19
List the prime factors of 48699.
3, 7, 773
What are the prime factors of 34773?
3, 67, 173
What are the prime factors of 1108?
2, 277
List the prime factors of 19086.
2, 3, 3181
What are the prime factors of 61322?
2, 30661
What are the prime factors of 34105?
5, 19, 359
What are the prime factors of 243?
3
What are the prime factors of 2911?
41, 71
What are the prime factors of 5?
5
What are the prime factors of 2221?
2221
What are the prime factors of 13367?
13367
List the prime factors of 13978.
2, 29, 241
What are the prime factors of 6390?
2, 3, 5, 71
List the prime factors of 7463.
17, 439
What are the prime factors of 542?
2, 271
What are the prime factors of 696?
2, 3, 29
List the prime factors of 1563.
3, 521
What are the prime factors of 924?
2, 3, 7, 11
List the prime factors of 69885.
3, 5, 1553
What are the prime factors of 21401?
21401
What are the prime factors of 88325?
5, 3533
What are the prime factors of 603?
3, 67
List the prime factors of 14215.
5, 2843
What are the prime factors of 14413?
7, 29, 71
List the prime factors of 5734.
2, 47, 61
What are the prime factors of 33135?
3, 5, 47
What are the prime factors of 5379?
3, 11, 163
What are the prime factors of 1407?
3, 7, 67
List the prime factors of 2306.
2, 1153
What are the prime factors of 2639?
7, 13, 29
List the prime factors of 1480.
2, 5, 37
What are the prime factors of 57490?
2, 5, 5749
What are the prime factors of 1038?
2, 3, 173
List the prime factors of 1252.
2, 313
What are the prime factors of 15079?
17, 887
List the prime factors of 71.
71
List the prime factors of 2218.
2, 1109
List the prime factors of 1819.
17, 107
List the prime factors of 24239.
24239
List the prime factors of 5154.
2, 3, 859
What are the prime factors of 41284?
2, 10321
What are the prime factors of 1698?
2, 3, 283
List the prime factors of 996.
2, 3, 83
What are the prime factors of 145195?
5, 71, 409
List the prime factors of 3528.
2, 3, 7
List the prime factors of 3871.
7, 79
What are the prime factors of 112031?
112031
List the prime factors of 14909.
17, 877
List the prime factors of 51863.
7, 31, 239
List the prime factors of 8482.
2, 4241
What are the prime factors of 383?
383
What are the prime factors of 5180?
2, 5, 7, 37
What are the prime factors of 796?
2, 199
What are the prime factors of 6240?
2, 3, 5, 13
What are the prime factors of 4694?
2, 2347
List the prime factors of 1931.
1931
What are the prime factors of 13965?
3, 5, 7, 19
List the prime factors of 1091.
1091
List the prime factors of 243.
3
What are the prime factors of 11859?
3, 59, 67
What are the prime factors of 36294?
2, 3, 23, 263
List the prime factors of 11140.
2, 5, 557
List the prime factors of 76769.
7, 11, 997
What are the prime factors of 106502?
2, 11, 47, 103
What are the prime factors of 2987?
29, 103
What are the prime factors of 2170?
2, 5, 7, 31
List the prime factors of 11195.
5, 2239
What are the prime factors of 273?
3, 7, 13
List the prime factors of 1027.
13, 79
List the prime factors of 2126.
2, 1063
List the prime factors of 1955.
5, 17, 23
List the prime factors of 3543.
3, 1181
What are the prime factors of 3601?
13, 277
List the prime factors of 22036.
2, 7, 787
What are the prime factors of 102477?
3, 34159
What are the prime factors of 156147?
3, 23, 31, 73
List the prime factors of 3444.
2, 3, 7, 41
List the prime factors of 2226.
2, 3, 7, 53
What are the prime factors of 61038?
2, 3, 3391
What are the prime factors of 11546?
2, 23, 251
List the prime factors of 4246.
2, 11, 193
List the prime factors of 8575.
5, 7
What are the prime factors of 22038?
2, 3, 3673
List the prime factors of 997.
997
What are the prime factors of 86?
2, 43
What are the prime factors of 13926?
2, 3, 11, 211
List the prime factors of 2882.
2, 11, 131
What are the prime factors of 37879?
37879
What are the prime factors of 12?
2, 3
List the prime factors of 6744.
2, 3, 281
What are the prime factors of 1325?
5, 53
List the prime factors of 5493.
3, 1831
What are the prime factors of 4613?
7, 659
What are the prime factors of 4531?
23, 197
List the prime factors of 68107.
13, 31
What are the prime factors of 1109?
1109
List the prime factors of 34203.
3, 13, 877
List the prime factors of 735.
3, 5, 7
What are the prime factors of 9662?
2, 4831
List the prime factors of 380.
2, 5, 19
What are the prime factors of 17346?
2, 3, 7, 59
What are the prime factors of 15619?
15619
List the prime factors of 26289.
3, 23, 127
List the prime factors of 2353.
13, 181
List the prime factors of 7639.
7639
What are the prime factors of 22073?
22073
List the prime factors of 101.
101
List the prime factors of 87170.
2, 5, 23, 379
What are the prime factors of 111463?
11, 10133
List the prime factors of 1364.
2, 11, 31
List the prime factors of 1463.
7, 11, 19
List the prime factors of 1368.
2, 3, 19
List the prime factors of 755.
5, 151
List the prime factors of 18610.
2, 5, 1861
List the prime factors of 40735.
5, 8147
What are the prime factors of 2429?
7, 347
List the prime factors of 20301.
3, 67, 101
List the prime factors of 9693.
3, 359
What are the prime factors of 54298?
2, 17, 1597
List the prime factors of 18826.
2, 9413
List the prime factors of 1505.
5, 7, 43
List the prime factors of 72399.
3, 24133
What are the prime factors of 27528?
2, 3, 31, 37
List the prime factors of 177810.
2, 3, 5, 5927
What are the prime factors of 126?
2, 3, 7
List the prime factors of 115146.
2, 3, 6397
What are the prime factors of 86?
2, 43
What are the prime factors of 44679?
3, 53, 281
List the prime factors of 117259.
117259
List the prime factors of 43448.
2, 5431
What are the prime factors of 827?
827
List the prime factors of 965.
5, 193
What are the prime factors of 11378?
2, 5689
List the prime factors of 4366.
2, 37, 59
List the prime factors of 974.
2, 487
What are the prime factors of 497?
7, 71
List the prime factors of 568.
2, 71
What are the prime factors of 1658?
2, 829
What are the prime factors of 6403?
19, 337
What are the prime factors of 47227?
83, 569
List the prime factors of 154365.
3, 5, 41, 251
What are the prime factors of 263?
263
What are the prime factors of 535?
5, 107
List the prime factors of 49305.
3, 5, 19, 173
What are the prime factors of 7265?
5, 1453
What are the prime factors of 2148?
2, 3, 179
List the prime factors of 4064.
2, 127
List the prime factors of 65976.
2, 3, 2749
What are the prime factors of 4125?
3, 5, 11
List the prime factors of 1000.
2, 5
List the prime factors of 6425.
5, 257
What are the prime factors of 771?
3, 257
List the prime factors of 2285.
5, 457
List the prime factors of 180327.
3, 7, 31, 277
List the prime factors of 3398.
2, 1699
What are the prime factors of 2911?
41, 71
What are the prime factors of 716?
2, 179
What are the prime factors of 33?
3, 11
List the prime factors of 18871.
113, 167
What are the prime factors of 639?
3, 71
List the prime factors of 176516.
2, 44129
List the prime factors of 1989.
3, 13, 17
List the prime factors of 144.
2, 3
List the prime factors of 6385.
5, 1277
List the prime factors of 935.
5, 11, 17
List the prime factors of 13541.
11, 1231
What are the prime factors of 42549?
3, 13, 1091
What are the prime factors of 1056?
2, 3, 11
List the prime factors of 112956.
2, 3, 9413
List the prime factors of 21112.
2, 7, 13, 29
What are the prime factors of 91153?
91153
List the prime factors of 1083.
3, 19
List the prime factors of 43790.
2, 5, 29, 151
List the prime factors of 2007.
3, 223
What are the prime factors of 1736?
2, 7, 31
What are the prime factors of 310?
2, 5, 31
List the prime factors of 1434.
2, 3, 239
List the prime factors of 1355.
5, 271
What are the prime factors of 2160?
2, 3, 5
List the prime factors of 112.
2, 7
L